301 = -2*p. What is the tens digit of p?
5
Let w(b) = -26*b + 100. Let a be w(-38). Let j = 170 + a. What is the thousands digit of j?
1
Let u(l) = 6*l**2 + 3*l + 19. Let y be u(-6). Let d = y + 301. What is the units digit of d?
8
Suppose 17*w - 67917 = 32996 + 5388. What is the tens digit of w?
5
Suppose 7*n + u = 3*n + 848, 0 = -4*n + 3*u + 864. Suppose 3*t = 3*c + 210, 3*c - 2*t + n = 2*t. Let x = c + 124. What is the tens digit of x?
5
Let g(b) = -b**2 + 6*b - 145. Let v be g(0). Let c = v - -207. What is the units digit of c?
2
Suppose -234 = -6*h - 33*h. Suppose 0 = -5*b + j + 445, -4*j - 178 = 4*b - h*b. What is the tens digit of b?
8
Let k be 2196/(-8)*10/(-15). Let j = k + -61. Suppose 0 = s + 2*z - j, 2*s + 2*z + z = 248. What is the units digit of s?
0
Let s(w) = w**3 + 9*w**2 - 3*w + 10. Let m be 15*2/12*2. Let l = m + -10. What is the hundreds digit of s(l)?
1
Suppose 5*h - 2 = 13, -5*c + 5*h - 1805 = 0. Let v = c + 630. What is the tens digit of v?
7
Suppose -49 + 125 = 4*m. Suppose m*c + 4*c = 21988. What is the tens digit of c?
5
Let x = -13514 - -26235. What is the ten thousands digit of x?
1
Let l(f) = 81*f**3 - f**2 - 10*f + 13. What is the hundreds digit of l(4)?
1
Suppose 4*q = -5*h + 156, 2*h = -h - 2*q + 94. Suppose h - 2 = -3*b. What is the tens digit of (-494)/b + (-4)/10 + 0?
4
Suppose -2*g = -4*u + 1604, -3*g - 2*g - 3995 = -5*u. Let b = 1347 + g. What is the tens digit of b?
5
Let j(x) = -2*x - 6. Let a be j(-4). Suppose 2*w = -140 + 154. What is the units digit of 2/(-2)*0/a + w?
7
Suppose -5*k = -10, 2*u + k = -924 + 20160. What is the hundreds digit of u?
6
Suppose -27967*y + 27997*y = 1100160. What is the hundreds digit of y?
6
Suppose 96 = -0*d + 4*d - 4*g, 2*d - 33 = 5*g. Suppose 26*i = d*i. Suppose 2*f + 0*f - 22 = -5*l, i = -3*l. What is the tens digit of f?
1
Let w(k) = 87*k - 41*k + 6*k - 4 + k. Suppose 3*c - 11*c = -40. What is the tens digit of w(c)?
6
Let x be ((-240)/100)/(1/(-10)*3). Suppose 0 = x*d + 19*d - 18252. What is the hundreds digit of d?
6
Let a(m) = 828*m**2 + 65*m - 13. What is the thousands digit of a(-4)?
2
Let h(t) = 19*t**2 + 2 - 31*t**2 + t + 50*t**2 + 8. What is the hundreds digit of h(3)?
3
Let v be (-265)/(-35) - (-4)/(-7). Suppose -v*z = -12*z - 360. Let k = 8 - z. What is the tens digit of k?
8
Let o = -168 + 133. Let q(t) = -t + 11. What is the tens digit of q(o)?
4
Let n(s) be the third derivative of -3/10*s**5 + 19/24*s**4 + 0 + 0*s + 14*s**2 - 5/6*s**3 + 1/120*s**6. What is the units digit of n(17)?
9
Let r be ((-15380)/(-30) - (-2)/(-3))*22. Suppose r = -90*y + 112*y. What is the tens digit of y?
1
Let h(j) = -j**3 + 5*j**2 + 5*j + 11. Let d be h(6). Suppose 2*v + 222 = 3*v + x, 3*v + d*x = 670. What is the units digit of v?
0
Suppose 0 = 47*a - 48*a + 6. Suppose a*j = j + 1075. What is the units digit of j?
5
Suppose -3*j + 71 = 59. Suppose 2*u = -5*q + 451 - 76, j*q - 376 = -2*u. What is the units digit of u?
0
Let l(h) = 1116*h - 2303. What is the ten thousands digit of l(24)?
2
Let o = -408 - -733. Suppose 8*w - 307 - o = 0. What is the units digit of w?
9
Suppose -a = -4*a + 1392. Suppose -2*c - 3*f + a = 2*c, -f = -5*c + 580. What is the hundreds digit of c?
1
Let r = -96 - -213. Suppose -3*n + 988 = -2*o, n - r = -3*o + 194. What is the units digit of n?
6
Suppose 12*b = 4*b + 6997 + 1643. What is the units digit of b?
0
Let x be -1 + ((-1)/(-3))/((-11)/(-132)). Let l be (-24)/(x/(-1)) - 4. Suppose 127 = l*s - 229. What is the units digit of s?
9
Suppose -370 = -3*z - 136. Suppose -348 + z = -3*o. Suppose o = p - 208. What is the hundreds digit of p?
2
What is the tens digit of (-2)/(-8) + ((-1038369)/(-76) - 9)?
5
Suppose -4*o + 18 = -a + 3*a, -2*o + 4*a = -24. Suppose -5*r + 4270 = 5*i, -r = 2*r - o. What is the units digit of i?
2
Let z = -41 - -29. Let w = z + 15. Suppose 168 = 4*v - c, 3*c + 109 = w*v - 8. What is the units digit of v?
3
What is the thousands digit of (-2)/(-8) - (29454/(-8) + -1)?
3
Suppose 140*h - 96302 - 362898 = 0. What is the thousands digit of h?
3
Let b be ((2 - 3) + 4)/(3/(-116)). Let p = b - -111. What is the hundreds digit of (270 - -2 - p) + 4?
2
Let q(y) = 4*y**2 - 52*y + 3. Let z be q(13). Suppose -z*w + 4*b = -3635, -2*w + 0*b = b - 2405. What is the tens digit of w?
0
Let m = -98 - -259. Suppose -2*x + 441 + m = -5*y, -5*y = 20. What is the hundreds digit of x?
2
Suppose 5494 = w - l, -3*w + 4*w - 5*l - 5482 = 0. What is the units digit of w?
7
Let p(o) = 217*o - 729. What is the thousands digit of p(45)?
9
Let c(n) = 857*n**2 + 11*n + 8. Let z be c(-4). Suppose 1774 + z = 15*w. What is the units digit of w?
0
Suppose -4*k - d = -18, -5*k - 4*d - 13 = -41. Let q be (k/(-6))/((-5)/(-465)). Let o = -32 - q. What is the tens digit of o?
3
Suppose 51*p + 14*p + 346518 = 1871158. What is the ten thousands digit of p?
2
Let t = 70 - -158. What is the units digit of (t + -16)/(1 - (-6)/(-9))?
6
Let j = 847 - 669. Suppose -4*r + 16 = 0, r + 0*r = 2*i - 6. What is the hundreds digit of (-1 - -2) + (j - i)?
1
Let w(t) = -3*t - 1. Let n(s) = -104*s + 14. Let q(b) = -2*n(b) + 2*w(b). What is the tens digit of q(4)?
7
Suppose -3*s = -v - 5 + 1, 3*v - 21 = -2*s. Let i be (1 - (-119)/v)/(2/(-25)). Let f = i - -483. What is the hundreds digit of f?
1
Suppose 5*p - 171605 = -4*j, -4*p + 92*j + 137285 = 95*j. What is the tens digit of p?
2
Let u = -4099 - -11252. What is the thousands digit of u?
7
Let j be 1104/30*25/2. Let w = j + -241. Suppose -2*c + 90 = 3*g - 78, 4*g = -c + w. What is the units digit of g?
4
Let g = 19 - 23. Let m(p) = -p - 5. Let d be m(g). What is the units digit of 5 + -5 + 5 - (0 + d)?
6
Suppose -5*d + t = -21557, -4*t = 2*d - 3*t - 8627. What is the hundreds digit of d?
3
Suppose -3*s = v - 114822, 2*s - 18153 - 58411 = 2*v. What is the hundreds digit of s?
2
Let b = -34 - -168. Suppose 7*t - 10*t + 196 = 4*u, 2*u = -2*t + b. Suppose 0*o - t = -8*o. What is the units digit of o?
9
Suppose -2*f = 2*s - 6*s + 6, 5*f = -5*s + 30. Suppose u = -0*j - 5*j - 55, f*u + 5*j + 115 = 0. What is the hundreds digit of -5 + (-5001)/(-45) - (-4)/u?
1
Let h(g) = g**3 + 174*g**2 - 1869*g + 449. What is the hundreds digit of h(-183)?
0
Let r(v) = 10*v**2 - 99*v - 117. What is the hundreds digit of r(-17)?
4
Let y = 667 - 338. Suppose -5*o = -5, o - y + 2724 = 4*p. Suppose -8*s + 2423 - p = 0. What is the units digit of s?
8
Let i = 135 - 104. Suppose i*b = -6443 + 32731. What is the hundreds digit of b?
8
Let p = -1 - -5. Let q = -174 + 261. Suppose -p*s - 99 = -3*d - s, -3*s = 3*d - q. What is the units digit of d?
1
Suppose 0 = -105*v + 955425 - 243630. What is the units digit of v?
9
Let h(b) be the second derivative of 0*b**3 - 13*b + 2*b**2 + 0 + 1/4*b**4. What is the units digit of h(-6)?
2
Let o = 19912 - 9865. What is the thousands digit of o?
0
Suppose -49*j = -48*j - 3439. What is the hundreds digit of j?
4
Let j(k) = 5*k + 1. Let t be j(4). Let x = t - 18. Suppose x*i - 295 + 22 = 0. What is the units digit of i?
1
What is the ten thousands digit of (2 + 10/(-3))*(-502146)/12?
5
Suppose 2*j = -u - 76, j = 6*u - u - 60. What is the hundreds digit of ((-228)/(-8))/((-4)/j)?
2
Suppose -7*q = t - 2*q - 53643, t + 4*q = 53643. What is the units digit of t?
3
Let w(z) = 28*z**2 - 27*z - 208. What is the tens digit of w(-20)?
3
Let j = 2 + 2. Suppose -l - 149 = -w, 0*w - 3*l + 447 = 3*w. Suppose 4*f + 5*m = 743, 4*f - j*m + w - 901 = 0. What is the units digit of f?
7
Let k(f) = -2*f**3 + f**2 - 7*f + 2224. What is the units digit of k(0)?
4
Suppose 4*o - 773 = 9*o - 3*s, 0 = 3*o - 2*s + 463. Suppose 2*b + 822 = 5*b. Let t = b + o. What is the tens digit of t?
1
What is the thousands digit of ((-136)/4)/2 - -11539?
1
Suppose 0 = 7*s - 3024 - 18711. Suppose -s = -3*n + 3*v, 2*n + 6*v = v + 2084. What is the units digit of n?
7
Let p = 27344 - -15652. What is the ten thousands digit of p?
4
Let y(u) = -212*u + 142. Let n be y(-7). Suppose 5*p - 2*z - 632 = 2087, -3*z - n = -3*p. What is the tens digit of p?
4
Let t(h) = 53*h**2 - 53*h - 60. What is the thousands digit of t(-10)?
5
Let r = 41207 - 25963. What is the thousands digit of r?
5
Let q = -506 - -982. Let s = q - 251. What is the hundreds digit of s?
2
Suppose 0*f - 2 = -2*f